{"id":492,"date":"2019-03-04T00:51:29","date_gmt":"2019-03-04T00:51:29","guid":{"rendered":"http:\/\/urzuamatute.cl\/?page_id=492"},"modified":"2025-03-24T23:20:42","modified_gmt":"2025-03-24T23:20:42","slug":"492-2","status":"publish","type":"page","link":"https:\/\/urzuaabogados.com\/","title":{"rendered":"INICIO"},"content":{"rendered":"<p>[et_pb_section fb_built=\u00bb1&#8243; fullwidth=\u00bbon\u00bb _builder_version=\u00bb4.16&#8243; custom_padding=\u00bb0px|0px|17px|0|false|false\u00bb hover_enabled=\u00bb0&#8243; global_colors_info=\u00bb{}\u00bb sticky_enabled=\u00bb0&#8243;][et_pb_fullwidth_slider _builder_version=\u00bb4.27.4&#8243; body_font=\u00bb||||||||\u00bb custom_button=\u00bbon\u00bb button_font=\u00bb||||||||\u00bb custom_margin=\u00bb||11px|||\u00bb auto=\u00bbon\u00bb auto_speed=\u00bb5000&#8243; hover_enabled=\u00bb0&#8243; box_shadow_style_button=\u00bbpreset3&#8243; global_colors_info=\u00bb{}\u00bb sticky_enabled=\u00bb0&#8243;][et_pb_slide use_bg_overlay=\u00bbon\u00bb use_text_overlay=\u00bboff\u00bb _builder_version=\u00bb4.16&#8243; background_color=\u00bb#153500&#8243; use_background_color_gradient=\u00bbon\u00bb background_color_gradient_stops=\u00bb#183147 0%|rgba(41,57,71,0.53) 100%\u00bb background_color_gradient_start=\u00bb#183147&#8243; background_color_gradient_end=\u00bbrgba(41,57,71,0.53)\u00bb background_image=\u00bbhttps:\/\/urzuaabogados.com\/wp-content\/uploads\/2019\/03\/modern-glass-silhouettes-of-skyscrapers-business-PYLQ86Q.jpg\u00bb parallax=\u00bbon\u00bb parallax_method=\u00bboff\u00bb width=\u00bb50%\u00bb max_width=\u00bb100%\u00bb global_colors_info=\u00bb{}\u00bb sticky_transition=\u00bbon\u00bb]<\/p>\n<p><img loading=\"lazy\" decoding=\"async\" src=\"https:\/\/urzuaabogados.com\/wp-content\/uploads\/2022\/01\/logo-home-blanco.png\" width=\"956\" height=\"187\" alt=\"\" class=\"wp-image-465 aligncenter size-large\" style=\"display: block; margin-left: auto; margin-right: auto;\" \/><\/p>\n<p>[\/et_pb_slide][et_pb_slide button_text=\u00bbPROYECTOS, INGENIER\u00cdA Y CONSTRUCCI\u00d3N\u00bb button_link=\u00bbhttps:\/\/urzuaabogados.com\/?page_id=289&#8243; _builder_version=\u00bb4.18.0&#8243; header_font=\u00bb||||||||\u00bb body_font=\u00bb||||||||\u00bb background_image=\u00bbhttps:\/\/urzuaabogados.com\/wp-content\/uploads\/2019\/02\/construction-of-the-subway-P3NBC3U.jpg\u00bb custom_button=\u00bbon\u00bb button_text_color=\u00bb#ffffff\u00bb button_bg_color=\u00bbrgba(0,46,109,0.55)\u00bb button_font=\u00bb||||||||\u00bb global_colors_info=\u00bb{}\u00bb sticky_transition=\u00bbon\u00bb][\/et_pb_slide][et_pb_slide button_text=\u00bbCONTROVERSIAS DE PROYECTOS\u00bb button_link=\u00bbhttps:\/\/urzuaabogados.com\/?page_id=296&#8243; _builder_version=\u00bb4.18.0&#8243; background_image=\u00bbhttps:\/\/urzuaabogados.com\/wp-content\/uploads\/2019\/03\/puente-agua-1.jpg\u00bb custom_button=\u00bbon\u00bb button_bg_color=\u00bbrgba(0,46,109,0.55)\u00bb button_font=\u00bb||||||||\u00bb global_colors_info=\u00bb{}\u00bb sticky_transition=\u00bbon\u00bb][\/et_pb_slide][\/et_pb_fullwidth_slider][\/et_pb_section][et_pb_section fb_built=\u00bb1&#8243; _builder_version=\u00bb4.16&#8243; min_height=\u00bb579.8px\u00bb custom_padding=\u00bb6px|||||\u00bb global_colors_info=\u00bb{}\u00bb][et_pb_row _builder_version=\u00bb4.16&#8243; _module_preset=\u00bbdefault\u00bb global_colors_info=\u00bb{}\u00bb][et_pb_column type=\u00bb4_4&#8243; _builder_version=\u00bb4.16&#8243; _module_preset=\u00bbdefault\u00bb global_colors_info=\u00bb{}\u00bb][et_pb_divider show_divider=\u00bboff\u00bb _builder_version=\u00bb4.16&#8243; _module_preset=\u00bbdefault\u00bb global_colors_info=\u00bb{}\u00bb][\/et_pb_divider][\/et_pb_column][\/et_pb_row][et_pb_row _builder_version=\u00bb4.16&#8243; global_colors_info=\u00bb{}\u00bb][et_pb_column type=\u00bb4_4&#8243; _builder_version=\u00bb4.16&#8243; custom_padding=\u00bb|||\u00bb global_colors_info=\u00bb{}\u00bb custom_padding__hover=\u00bb|||\u00bb][et_pb_text _builder_version=\u00bb4.16&#8243; global_colors_info=\u00bb{}\u00bb]<\/p>\n<h1 style=\"text-align: center;\"><span style=\"color: #002e6d;\"><em>URZ\u00daA ES UNA FIRMA DE ABOGADOS DE NICHO, ESPECIALIZADA EN PROYECTOS, INGENIER\u00cdA, CONSTRUCCI\u00d3N Y MINER\u00cdA Y, DENTRO DE ELLO, SUS CONTROVERSIAS (RECLAMACIONES, LITIGIOS Y ARBITRAJES).<\/em><\/span><\/h1>\n<p><span style=\"color: #002e6d;\"><em><\/em><\/span><\/p>\n<h4 style=\"text-align: center;\"><em><\/em><\/h4>\n<h4 style=\"text-align: center;\"><em><\/em><\/h4>\n<h4 style=\"text-align: center;\"><em>N<span style=\"color: #000000;\">uestro <strong>compromiso<\/strong> es involucrarnos responsablemente en el \u00e9xito del negocio de cada uno de nuestros clientes.<\/span><\/em><\/h4>\n<h4 style=\"text-align: center;\"><span style=\"color: #000000;\"><em><\/em><\/span><\/h4>\n<h4 style=\"text-align: center;\"><span style=\"color: #000000;\"><em>Nuestro <strong>sello<\/strong> es la atenci\u00f3n personalizada de todos los asuntos encomendados y la pasi\u00f3n por lo que hacemos.<\/em><\/span><\/h4>\n<p>[\/et_pb_text][\/et_pb_column][\/et_pb_row][\/et_pb_section]<\/p>\n","protected":false},"excerpt":{"rendered":"<p>URZ\u00daA ES UNA FIRMA DE ABOGADOS DE NICHO, ESPECIALIZADA EN PROYECTOS, INGENIER\u00cdA, CONSTRUCCI\u00d3N Y MINER\u00cdA Y, DENTRO DE ELLO, SUS CONTROVERSIAS (RECLAMACIONES, LITIGIOS Y ARBITRAJES). Nuestro compromiso es involucrarnos responsablemente en el \u00e9xito del negocio de cada uno de nuestros clientes. Nuestro sello es la atenci\u00f3n personalizada de todos los asuntos encomendados y la pasi\u00f3n [&hellip;]<\/p>\n","protected":false},"author":1,"featured_media":0,"parent":0,"menu_order":0,"comment_status":"closed","ping_status":"closed","template":"","meta":{"_et_pb_use_builder":"on","_et_pb_old_content":"","_et_gb_content_width":"","footnotes":""},"class_list":["post-492","page","type-page","status-publish","hentry"],"_links":{"self":[{"href":"https:\/\/urzuaabogados.com\/index.php?rest_route=\/wp\/v2\/pages\/492","targetHints":{"allow":["GET"]}}],"collection":[{"href":"https:\/\/urzuaabogados.com\/index.php?rest_route=\/wp\/v2\/pages"}],"about":[{"href":"https:\/\/urzuaabogados.com\/index.php?rest_route=\/wp\/v2\/types\/page"}],"author":[{"embeddable":true,"href":"https:\/\/urzuaabogados.com\/index.php?rest_route=\/wp\/v2\/users\/1"}],"replies":[{"embeddable":true,"href":"https:\/\/urzuaabogados.com\/index.php?rest_route=%2Fwp%2Fv2%2Fcomments&post=492"}],"version-history":[{"count":70,"href":"https:\/\/urzuaabogados.com\/index.php?rest_route=\/wp\/v2\/pages\/492\/revisions"}],"predecessor-version":[{"id":2618,"href":"https:\/\/urzuaabogados.com\/index.php?rest_route=\/wp\/v2\/pages\/492\/revisions\/2618"}],"wp:attachment":[{"href":"https:\/\/urzuaabogados.com\/index.php?rest_route=%2Fwp%2Fv2%2Fmedia&parent=492"}],"curies":[{"name":"wp","href":"https:\/\/api.w.org\/{rel}","templated":true}]}}