{"id":350,"date":"2019-03-02T14:59:36","date_gmt":"2019-03-02T14:59:36","guid":{"rendered":"http:\/\/urzuamatute.cl\/?page_id=350"},"modified":"2023-07-24T11:09:01","modified_gmt":"2023-07-24T11:09:01","slug":"350-2","status":"publish","type":"page","link":"https:\/\/urzuaabogados.com\/?page_id=350","title":{"rendered":"CAROLINA C\u00c1CERES"},"content":{"rendered":"<p>[et_pb_section fb_built=\u00bb1&#8243; _builder_version=\u00bb4.16&#8243; global_colors_info=\u00bb{}\u00bb][et_pb_row column_structure=\u00bb2_5,3_5&#8243; _builder_version=\u00bb4.16&#8243; global_colors_info=\u00bb{}\u00bb][et_pb_column type=\u00bb2_5&#8243; _builder_version=\u00bb4.16&#8243; custom_padding=\u00bb|||\u00bb global_colors_info=\u00bb{}\u00bb custom_padding__hover=\u00bb|||\u00bb][et_pb_image src=\u00bbhttps:\/\/urzuaabogados.com\/wp-content\/uploads\/2019\/03\/3.jpg\u00bb align_tablet=\u00bbcenter\u00bb align_phone=\u00bb\u00bb align_last_edited=\u00bbon|desktop\u00bb _builder_version=\u00bb4.16&#8243; global_colors_info=\u00bb{}\u00bb][\/et_pb_image][\/et_pb_column][et_pb_column type=\u00bb3_5&#8243; _builder_version=\u00bb4.16&#8243; custom_padding=\u00bb|||\u00bb global_colors_info=\u00bb{}\u00bb custom_padding__hover=\u00bb|||\u00bb][et_pb_text _builder_version=\u00bb4.16&#8243; global_colors_info=\u00bb{}\u00bb]<\/p>\n<h2><strong>CAROLINA C\u00c1CERES<\/strong><\/h2>\n<h4><b>Gerente Corporativa<\/b><\/h4>\n<p><strong><\/strong><\/p>\n<p>[\/et_pb_text][et_pb_text _builder_version=\u00bb4.16&#8243; global_colors_info=\u00bb{}\u00bb]<\/p>\n<p><span class=\"icon-envelope\"> <\/span> <a href=\"mailto: ccaceres@urzuaabogados.com\">ccaceres@urzuaabogados.com<\/a><\/p>\n<p>[\/et_pb_text][et_pb_text _builder_version=\u00bb4.16&#8243; global_colors_info=\u00bb{}\u00bb]<\/p>\n<h1 style=\"text-align: justify;\"><strong><\/strong><\/h1>\n<p style=\"text-align: justify;\">Carolina ha asumido la Gerencia Corporativa de URZ\u00daA en julio de 2023, teniendo como principales funciones la administraci\u00f3n de la firma, adem\u00e1s del desaf\u00edo de su marketing, posicionamiento y el desarrollo de marca personal de sus integrantes.<\/p>\n<ul><\/ul>\n<p><strong style=\"color: #333333; font-size: 18px;\">Educaci\u00f3n<\/strong><\/p>\n<ul>\n<li>Universidad de Chile.\u00a0<\/li>\n<\/ul>\n<h4><strong>Idiomas\u00a0<\/strong><\/h4>\n<ul>\n<li>Espa\u00f1ol.<\/li>\n<\/ul>\n<p>[\/et_pb_text][\/et_pb_column][\/et_pb_row][\/et_pb_section]<\/p>\n","protected":false},"excerpt":{"rendered":"<p>CAROLINA C\u00c1CERES Gerente Corporativa ccaceres@urzuaabogados.com Carolina ha asumido la Gerencia Corporativa de URZ\u00daA en julio de 2023, teniendo como principales funciones la administraci\u00f3n de la firma, adem\u00e1s del desaf\u00edo de su marketing, posicionamiento y el desarrollo de marca personal de sus integrantes. Educaci\u00f3n Universidad de Chile.\u00a0 Idiomas\u00a0 Espa\u00f1ol.<\/p>\n","protected":false},"author":1,"featured_media":0,"parent":194,"menu_order":0,"comment_status":"closed","ping_status":"closed","template":"","meta":{"_et_pb_use_builder":"on","_et_pb_old_content":"","_et_gb_content_width":"","footnotes":""},"class_list":["post-350","page","type-page","status-publish","hentry"],"_links":{"self":[{"href":"https:\/\/urzuaabogados.com\/index.php?rest_route=\/wp\/v2\/pages\/350","targetHints":{"allow":["GET"]}}],"collection":[{"href":"https:\/\/urzuaabogados.com\/index.php?rest_route=\/wp\/v2\/pages"}],"about":[{"href":"https:\/\/urzuaabogados.com\/index.php?rest_route=\/wp\/v2\/types\/page"}],"author":[{"embeddable":true,"href":"https:\/\/urzuaabogados.com\/index.php?rest_route=\/wp\/v2\/users\/1"}],"replies":[{"embeddable":true,"href":"https:\/\/urzuaabogados.com\/index.php?rest_route=%2Fwp%2Fv2%2Fcomments&post=350"}],"version-history":[{"count":29,"href":"https:\/\/urzuaabogados.com\/index.php?rest_route=\/wp\/v2\/pages\/350\/revisions"}],"predecessor-version":[{"id":2448,"href":"https:\/\/urzuaabogados.com\/index.php?rest_route=\/wp\/v2\/pages\/350\/revisions\/2448"}],"up":[{"embeddable":true,"href":"https:\/\/urzuaabogados.com\/index.php?rest_route=\/wp\/v2\/pages\/194"}],"wp:attachment":[{"href":"https:\/\/urzuaabogados.com\/index.php?rest_route=%2Fwp%2Fv2%2Fmedia&parent=350"}],"curies":[{"name":"wp","href":"https:\/\/api.w.org\/{rel}","templated":true}]}}

CAROLINA CÁCERES

<p>[et_pb_section fb_built=»1&#8243; _builder_version=»4.16&#8243; global_colors_info=»{}»][et_pb_row column_structure=»2_5,3_5&#8243; _builder_version=»4.16&#8243; global_colors_info=»{}»][et_pb_column type=»2_5&#8243; _builder_version=»4.16&#8243; custom_padding=»|||» global_colors_info=»{}» custom_padding__hover=»|||»][et_pb_image src=»https://urzuaabogados.com/wp-content/uploads/2019/03/3.jpg» align_tablet=»center» align_phone=»» align_last_edited=»on|desktop» _builder_version=»4.16&#8243; global_colors_info=»{}»][/et_pb_image][/et_pb_column][et_pb_column type=»3_5&#8243; _builder_version=»4.16&#8243; custom_padding=»|||» global_colors_info=»{}» custom_padding__hover=»|||»][et_pb_text _builder_version=»4.16&#8243; global_colors_info=»{}»]</p>
<h2><strong>CAROLINA CÁCERES</strong></h2>
<h4><b>Gerente Corporativa</b></h4>
<p><strong></strong></p>
<p>[/et_pb_text][et_pb_text _builder_version=»4.16&#8243; global_colors_info=»{}»]</p>
<p><span class="icon-envelope"> </span> <a href="mailto: ccaceres@urzuaabogados.com">ccaceres@urzuaabogados.com</a></p>
<p>[/et_pb_text][et_pb_text _builder_version=»4.16&#8243; global_colors_info=»{}»]</p>
<h1 style="text-align: justify;"><strong></strong></h1>
<p style="text-align: justify;">Carolina ha asumido la Gerencia Corporativa de URZÚA en julio de 2023, teniendo como principales funciones la administración de la firma, además del desafío de su marketing, posicionamiento y el desarrollo de marca personal de sus integrantes.</p>
<ul></ul>
<p><strong style="color: #333333; font-size: 18px;">Educación</strong></p>
<ul>
<li>Universidad de Chile. </li>
</ul>
<h4><strong>Idiomas </strong></h4>
<ul>
<li>Español.</li>
</ul>
<p>[/et_pb_text][/et_pb_column][/et_pb_row][/et_pb_section]</p>

<p>CAROLINA CÁCERES Gerente Corporativa ccaceres@urzuaabogados.com Carolina ha asumido la Gerencia Corporativa de URZÚA en julio de 2023, teniendo como principales funciones la administración de la firma, además del desafío de su marketing, posicionamiento y el desarrollo de marca personal de sus integrantes. Educación Universidad de Chile.  Idiomas  Español.</p>
